- 2*l + 14. Suppose 20 = 3*a - 4*y, -5*a + 2*y - k = -10*a. Suppose -a*f = f - 20. List the prime factors of f.
2
Let b(g) = -3*g - 4. Let t be b(-2). Suppose 0 = t*m - 5 - 5. What are the prime factors of m?
5
Let f(p) = -94*p**2. Let l be f(1). Let z = 227 + l. List the prime factors of z.
7, 19
Let v(n) = -2*n - 3 - 1 - 5 - n. What are the prime factors of v(-4)?
3
Let c be 2/8 - (-44)/16. Suppose 5*l - 7 = -3*y, 0 = -y - 4*y - 4*l + c. Let r(f) = 10*f**2 - f - 1. What are the prime factors of r(y)?
2, 5
Suppose -4*w = -3*l - l - 380, 0 = 2*w - 5*l - 187. Suppose 173 + 103 = 3*y + 3*x, 2*x - w = -y. What are the prime factors of y?
2, 11
Let u(a) = -3*a + 22. Let f be u(6). Suppose -50 - 6 = -f*x. List the prime factors of x.
2, 7
Let v = 64 + -6. List the prime factors of v.
2, 29
Let b = 2250 - 2197. List the prime factors of b.
53
Let g(h) = 4*h**3 + 4*h**2 - 10*h + 3. Let m(o) = -2*o**3 - 2*o**2 + 5*o - 1. Let b(v) = 3*g(v) + 5*m(v). What are the prime factors of b(4)?
2, 3
Suppose -495 = -4*c + 405. What are the prime factors of 6/24 + c/12?
19
Suppose 2*f + 6 - 8 = 0. Let q = 7 - f. List the prime factors of 156*((-4)/q + 1).
2, 13
Let s(x) = -19*x + 5. Let c(o) = -39*o + 11. Let r(w) = -4*c(w) + 9*s(w). Let b be r(1). Let v = 21 - b. What are the prime factors of v?
5, 7
Let t be -4 + (-3 + 6 - -65). Suppose 4*d + 0*d - t = 4*o, 5*o - 30 = -5*d. List the prime factors of d.
11
Suppose 34*p - 31*p - 282 = 0. Suppose -4*n = -2*x - p, n - x - 89 = -3*n. What are the prime factors of n?
3, 7
Suppose 2*q + 2*n + 71 = -n, 3*q = 3*n - 69. Let m = q + 51. Let p = m + -14. What are the prime factors of p?
3
Suppose 3*t + 93 + 90 = 2*c, 2*t = -2*c + 178. Let n = c - 53. What are the prime factors of n?
37
Let q(r) = r**2 + 2*r - 1. Let a be (-1)/(-2) + (-1)/(-2). Let k be q(a). List the prime factors of k/(-3)*129/(-2).
43
Let l(y) = y**2 + y - 1. Let z be l(-5). Let u = 24 + z. What are the prime factors of u?
43
List the prime factors of 3234608/728 - (-6)/7.
2, 11, 101
Let t be 775/(-85) - -9 - (-72)/34. Let w = -272 + 116. List the prime factors of t/(w/164 - -1).
41
Suppose f - 2563 = 3*h, -3*f - 3*h - 2988 = -10725. List the prime factors of f.
5, 103
Let g(r) = r**3 + 4*r**2 - 4*r + 3. Let a be g(-5). What are the prime factors of (1 + a)*(-57 + -6)?
3, 7
Suppose 5*u + 51 = 6*u. Let d = 17 + u. List the prime factors of d.
2, 17
Let f(h) = 116*h**2 + 3*h + 1. Suppose -7 = 11*i + 4. List the prime factors of f(i).
2, 3, 19
Let g = 6941 + -2580. What are the prime factors of g?
7, 89
Suppose 1985 - 11 = 14*b. Let q = -84 + b. What are the prime factors of q?
3, 19
Let n = 338 + -728. Let q = n + 567. List the prime factors of q.
3, 59
Let q be (-4)/((-4)/(-28)*-2). Let x = 28 - q. What are the prime factors of x?
2, 7
Let l = 7 - 75. Let t = l - -120. Suppose -4*b + t = -2*b. List the prime factors of b.
2, 13
Suppose -8*p + 16 = -10*p. Let k(n) = -24*n + 45. List the prime factors of k(p).
3, 79
Suppose -4*s + 1727 - 151 = 0. List the prime factors of s.
2, 197
Let i = 1185 - -187. What are the prime factors of i?
2, 7
Let i(m) = -36*m - 34. What are the prime factors of i(-17)?
2, 17
Suppose -5*b = -12 - 23. List the prime factors of (-3810)/(-42) + 2/b.
7, 13
Let a be ((-287)/(-21) + -5)/((-2)/6). What are the prime factors of (1 - (-22)/a) + (-2562)/(-78)?
3, 11
Let a = -17 + 22. Let v be (-4)/16 - a/(-4). List the prime factors of (v + 1 - -38)/1.
2, 5
Let o = 125 - -217. List the prime factors of o.
2, 3, 19
Suppose -2*l + 8 = 5*n, -3*l + n + 1 + 11 = 0. Let z be l/((-16)/2)*-42. Suppose -c = -29 - z. What are the prime factors of c?
2, 5
Suppose -4*y - 478 = -5*g + 4*g, g - 5*y - 479 = 0. Suppose 5*k = -a + 252, 4*k = -3*a + a + g. Suppose 0 = -5*o + a + 13. What are the prime factors of o?
2, 3
Suppose -4*y - b - 224 = -832, -2*b = -5*y + 760. What are the prime factors of y?
2, 19
Let v = -568 - -1099. What are the prime factors of v?
3, 59
What are the prime factors of (-2 - -3)*(-13626)/(-18)?
757
Let h(v) = -3*v + 14 + v + 0*v + 0*v. List the prime factors of h(-6).
2, 13
Let f be (-1 - -189) + (1 - -1). Suppose -6*c = -f + 28. What are the prime factors of c?
3
Let q(s) = -6*s**3 - 3*s**2 - 2*s - 7. Let t = -14 + 18. Let j(w) = 5*w**3 + 2*w**2 + w + 6. Let a(u) = t*j(u) + 3*q(u). What are the prime factors of a(2)?
11
Suppose 5*g - 36 = 3*r - 0*r, -2*r = 5*g + 24. List the prime factors of -2 + (-519)/(r/4).
3, 19
Let f = -89 + 93. Suppose -2*g - 614 = -f*p, 5*g - 6 = 3*g. List the prime factors of p.
5, 31
Let y be (24/(-4))/(-1) + (1 - 4). What are the prime factors of 84 + 2 + (-18)/y?
2, 5
Suppose z = -4*p + 7392, 3*p + 3*z - 8257 = -2722. List the prime factors of p.
43
Let z(u) = u**2 - 2*u. Let q be z(2). Suppose m - g - 214 = -q*g, -876 = -4*m - g. List the prime factors of m.
2, 109
What are the prime factors of 6/(-6 + 0)*-855?
3, 5, 19
Let w(i) = i**3 - 11*i**2 + i + 22. Let m be w(12). Suppose 4*a - 518 = m. List the prime factors of a.
2, 3, 29
Let b = -16 + 22. Suppose -2*p - b*p = -248. What are the prime factors of p?
31
Let f = 270 - 146. Let o = f - -32. What are the prime factors of (-2)/3 + o/18?
2
Let u(j) = j**2 - 6*j - 14. Let z be u(8). Suppose 198 = w + z*w. What are the prime factors of w?
2, 3, 11
Let p = 466 + 142. List the prime factors of p.
2, 19
Suppose 3*h + 71 = 17. Let z = h + 35. What are the prime factors of z?
17
Let f(x) = x**2 + 12*x - 13. Let k be f(-13). Suppose 4*m = 5 + 7. Suppose -i + 23 = -4*h, k = 2*i + m*i + h - 73. List the prime factors of i.
3, 5
What are the prime factors of (2782/2 - 6) + 2 + -3?
2, 173
What are the prime factors of (3 + 0 - 1) + 475?
3, 53
Let o(t) = t**3 - 3*t**2 - 3*t - 10. Suppose 9 = 7*h - 33. What are the prime factors of o(h)?
2, 5
Let u(z) = -z**3 + 12*z**2 + 4*z - 30. Let c be (18/(-5)*1)/(6/(-20)). List the prime factors of u(c).
2, 3
Let u = -1749 - -3768. List the prime factors of u.
3, 673
Suppose 2*q = -3*u + 67, q - 32 = u - 2*u. Suppose 25*z + 332 = q*z. List the prime factors of z.
83
What are the prime factors of (1 + 7/(-3))*(-2 - 508)?
2, 5, 17
What are the prime factors of 55798/92*(-1 + 3)?
1213
Let d = 830 - 639. List the prime factors of d.
191
Let m = 9 + -15. Let g(w) = -6*w - 5. Let k be g(m). Suppose -q + 0*q + 3*j + k = 0, 2*j + 86 = 3*q. List the prime factors of q.
2, 7
Suppose -5*d + d + 12 = 0, -5*l - 5*d - 305 = 0. Let u = l - -149. What are the prime factors of u?
5, 17
Let m be ((-3)/(-3))/(3/12). List the prime factors of (-1 - (m + -4))/(2/(-204)).
2, 3, 17
Let b be (-8 + 7)/(2/(-6)). What are the prime factors of (135/(-36))/(b/(-8))?
2, 5
Suppose 6*y - 10*y + 1648 = 0. Suppose y = 2*o + 2*o. Suppose -5*t - 3*q + 6*q + 180 = 0, -5*q = 2*t - o. List the prime factors of t.
3, 13
Let h(g) = -9 - 3*g**2 - 3*g**2 - 8 + g**3 - 7*g**2 + 14*g. Let y be h(12). List the prime factors of (y + 3)/((-6)/(-33)).
5, 11
Let s = -44 - -31. Let l = s + 17. Suppose l*i = 2*i + 54. List the prime factors of i.
3
Let s be (138 + 50)*2/(-8). Let w be (-1 + 139)*(-4)/(-6). Let n = s + w. What are the prime factors of n?
3, 5
Suppose -82*z + 284 = -78*z. List the prime factors of z.
71
Suppose -2*g + 0 = -w - 5, 3*w + 11 = 5*g. Suppose o - 2*i - 24 = -w*i, 4*o - 117 = 3*i. List the prime factors of o.
3
Suppose -2*b - 4*b = 0. Suppose b = 7*i + 3*i - 2130. List the prime factors of i.
3, 71
Suppose 3*p - 542 = -2*u + 3*u, 0 = -4*p - 3*u + 714. What are the prime factors of p?
2, 3, 5
Let p be 30 - -1*(1 - 3). Let d = p - 26. List the prime factors of d.
2
Suppose o + 1172 = v, -17*o + 13*o = -2*v + 2338. List the prime factors of v.
5, 47
Let h(d) = -d - 5. Let m be h(-8). Let t be 13*m/(3/1). Suppose -t = -5*g + 67. What are the prime factors of g?
2
Let l(i) = i**2 + 2*i - 10. Let a be l(-5). Let q(y) = 5*y - 7. What are the prime factors of q(a)?
2, 3
Let m(y) = -y**3 + 6*y**2 + 2*y - 9. Let l be m(6). Let b(i) = 5*i**3 + 8*i - 1 - 6*i**l - 7*i. List the prime factors of b(-3).
23
Let w(d) = 2*d**3 + 40*d**2 - 4*d - 19. Let t be w(-19). Suppose -t = -4*c - 2*f + 7*f, -392 = -2*c + 2*f. What are the prime factors of c?
3, 67
Let q = 55 - -1527. List the prime factors of q.
2, 7, 113
Let u(w) = -w**2 + 3*w - 2. Let p be u(4). Let g(y) 